{"id":136,"date":"2019-10-26T17:59:56","date_gmt":"2019-10-26T20:59:56","guid":{"rendered":"https:\/\/danieldsr.com\/index.php\/home\/"},"modified":"2026-02-23T14:43:41","modified_gmt":"2026-02-23T17:43:41","slug":"home","status":"publish","type":"page","link":"https:\/\/danieldsr.com\/","title":{"rendered":"Home"},"content":{"rendered":"\t\t<div data-elementor-type=\"wp-page\" data-elementor-id=\"136\" class=\"elementor elementor-136\">\n\t\t\t\t\t\t\t\t\t<section class=\"elementor-section elementor-top-section elementor-element elementor-element-f7bbecb elementor-section-height-min-height elementor-section-items-bottom elementor-section-full_width elementor-section-height-default\" data-id=\"f7bbecb\" data-element_type=\"section\" data-settings=\"{&quot;background_background&quot;:&quot;classic&quot;}\">\n\t\t\t\t\t\t\t<div class=\"elementor-background-overlay\"><\/div>\n\t\t\t\t\t\t\t<div class=\"elementor-container elementor-column-gap-no\">\n\t\t\t\t\t<div class=\"aux-parallax-section elementor-column elementor-col-100 elementor-top-column elementor-element elementor-element-10f2676\" data-id=\"10f2676\" data-element_type=\"column\">\n\t\t\t<div class=\"elementor-widget-wrap elementor-element-populated\">\n\t\t\t\t\t\t\t\t<div class=\"elementor-element elementor-element-2681942 elementor-widget elementor-widget-aux_modern_heading\" data-id=\"2681942\" data-element_type=\"widget\" data-widget_type=\"aux_modern_heading.default\">\n\t\t\t\t<div class=\"elementor-widget-container\">\n\t\t\t<section class=\"aux-widget-modern-heading\">\n            <div class=\"aux-widget-inner\"><h6 class=\"aux-modern-heading-primary\">FOOTBALL AGENT<\/h6><div class=\"aux-modern-heading-divider\"><\/div><p class=\"aux-modern-heading-secondary\"><span class=\"aux-head-before\">DANIEL RODRIGUES<\/span><\/p><\/div>\n        <\/section>\t\t<\/div>\n\t\t\t\t<\/div>\n\t\t\t\t\t<\/div>\n\t\t<\/div>\n\t\t\t\t\t\t\t<\/div>\n\t\t<\/section>\n\t\t\t\t<section class=\"elementor-section elementor-top-section elementor-element elementor-element-18e9934 aux-appear-watch-animation aux-fade-in-right-1 elementor-section-boxed elementor-section-height-default elementor-section-height-default\" data-id=\"18e9934\" data-element_type=\"section\">\n\t\t\t\t\t\t<div class=\"elementor-container elementor-column-gap-default\">\n\t\t\t\t\t<div class=\"aux-parallax-section elementor-column elementor-col-25 elementor-top-column elementor-element elementor-element-cf7ec41\" data-id=\"cf7ec41\" data-element_type=\"column\">\n\t\t\t<div class=\"elementor-widget-wrap elementor-element-populated\">\n\t\t\t\t\t\t\t\t<div class=\"elementor-element elementor-element-aebf96e elementor-widget elementor-widget-image\" data-id=\"aebf96e\" data-element_type=\"widget\" data-widget_type=\"image.default\">\n\t\t\t\t<div class=\"elementor-widget-container\">\n\t\t\t\t\t\t\t\t\t\t\t\t\t\t\t\t<a href=\"https:\/\/danieldsr.com\/\">\n\t\t\t\t\t\t\t<img decoding=\"async\" src=\"https:\/\/danieldsr.com\/wp-content\/uploads\/2023\/09\/brazil-.png\" title=\"brazil-\" alt=\"brazil-\" loading=\"lazy\" \/>\t\t\t\t\t\t\t\t<\/a>\n\t\t\t\t\t\t\t\t\t\t\t\t\t\t\t<\/div>\n\t\t\t\t<\/div>\n\t\t\t\t\t<\/div>\n\t\t<\/div>\n\t\t\t\t<div class=\"aux-parallax-section elementor-column elementor-col-25 elementor-top-column elementor-element elementor-element-d06f18c\" data-id=\"d06f18c\" data-element_type=\"column\">\n\t\t\t<div class=\"elementor-widget-wrap elementor-element-populated\">\n\t\t\t\t\t\t\t\t<div class=\"elementor-element elementor-element-f871755 elementor-widget elementor-widget-image\" data-id=\"f871755\" data-element_type=\"widget\" data-widget_type=\"image.default\">\n\t\t\t\t<div class=\"elementor-widget-container\">\n\t\t\t\t\t\t\t\t\t\t\t\t\t\t\t\t<a href=\"https:\/\/danieldsr.com\/index.php\/en\/\">\n\t\t\t\t\t\t\t<img decoding=\"async\" src=\"https:\/\/danieldsr.com\/wp-content\/uploads\/2023\/09\/united-states.png\" title=\"united-states\" alt=\"united-states\" loading=\"lazy\" \/>\t\t\t\t\t\t\t\t<\/a>\n\t\t\t\t\t\t\t\t\t\t\t\t\t\t\t<\/div>\n\t\t\t\t<\/div>\n\t\t\t\t\t<\/div>\n\t\t<\/div>\n\t\t\t\t<div class=\"aux-parallax-section elementor-column elementor-col-25 elementor-top-column elementor-element elementor-element-4897084\" data-id=\"4897084\" data-element_type=\"column\">\n\t\t\t<div class=\"elementor-widget-wrap elementor-element-populated\">\n\t\t\t\t\t\t\t\t<div class=\"elementor-element elementor-element-56e8c15 elementor-widget elementor-widget-image\" data-id=\"56e8c15\" data-element_type=\"widget\" data-widget_type=\"image.default\">\n\t\t\t\t<div class=\"elementor-widget-container\">\n\t\t\t\t\t\t\t\t\t\t\t\t\t\t\t\t<a href=\"https:\/\/danieldsr.com\/index.php\/it\/\">\n\t\t\t\t\t\t\t<img decoding=\"async\" src=\"https:\/\/danieldsr.com\/wp-content\/uploads\/2023\/09\/italy.png\" title=\"italy\" alt=\"italy\" loading=\"lazy\" \/>\t\t\t\t\t\t\t\t<\/a>\n\t\t\t\t\t\t\t\t\t\t\t\t\t\t\t<\/div>\n\t\t\t\t<\/div>\n\t\t\t\t\t<\/div>\n\t\t<\/div>\n\t\t\t\t<div class=\"aux-parallax-section elementor-column elementor-col-25 elementor-top-column elementor-element elementor-element-ba36b53\" data-id=\"ba36b53\" data-element_type=\"column\">\n\t\t\t<div class=\"elementor-widget-wrap elementor-element-populated\">\n\t\t\t\t\t\t\t\t<div class=\"elementor-element elementor-element-4bcb971 elementor-widget elementor-widget-image\" data-id=\"4bcb971\" data-element_type=\"widget\" data-widget_type=\"image.default\">\n\t\t\t\t<div class=\"elementor-widget-container\">\n\t\t\t\t\t\t\t\t\t\t\t\t\t\t\t\t<a href=\"https:\/\/danieldsr.com\/index.php\/es\/\">\n\t\t\t\t\t\t\t<img decoding=\"async\" src=\"https:\/\/danieldsr.com\/wp-content\/uploads\/2023\/09\/flag.png\" title=\"flag\" alt=\"flag\" loading=\"lazy\" \/>\t\t\t\t\t\t\t\t<\/a>\n\t\t\t\t\t\t\t\t\t\t\t\t\t\t\t<\/div>\n\t\t\t\t<\/div>\n\t\t\t\t\t<\/div>\n\t\t<\/div>\n\t\t\t\t\t\t\t<\/div>\n\t\t<\/section>\n\t\t\t\t<section class=\"elementor-section elementor-top-section elementor-element elementor-element-992c7fa elementor-section-boxed elementor-section-height-default elementor-section-height-default\" data-id=\"992c7fa\" data-element_type=\"section\" id=\"quemsoueu\">\n\t\t\t\t\t\t<div class=\"elementor-container elementor-column-gap-no\">\n\t\t\t\t\t<div class=\"aux-parallax-section elementor-column elementor-col-100 elementor-top-column elementor-element elementor-element-951370b\" data-id=\"951370b\" data-element_type=\"column\">\n\t\t\t<div class=\"elementor-widget-wrap elementor-element-populated\">\n\t\t\t\t\t\t\t\t<div class=\"elementor-element elementor-element-ec1261c aux-appear-watch-animation aux-scale-down elementor-widget elementor-widget-aux_modern_heading\" data-id=\"ec1261c\" data-element_type=\"widget\" data-widget_type=\"aux_modern_heading.default\">\n\t\t\t\t<div class=\"elementor-widget-container\">\n\t\t\t<section class=\"aux-widget-modern-heading\">\n            <div class=\"aux-widget-inner\"><h2 class=\"aux-modern-heading-primary\"><\/h2><h3 class=\"aux-modern-heading-secondary\"><span class=\"aux-head-before\">QUEM SOU EU?<\/span><\/h3><\/div>\n        <\/section>\t\t<\/div>\n\t\t\t\t<\/div>\n\t\t\t\t\t<\/div>\n\t\t<\/div>\n\t\t\t\t\t\t\t<\/div>\n\t\t<\/section>\n\t\t\t\t<section class=\"elementor-section elementor-top-section elementor-element elementor-element-3981772 elementor-section-boxed elementor-section-height-default elementor-section-height-default\" data-id=\"3981772\" data-element_type=\"section\">\n\t\t\t\t\t\t<div class=\"elementor-container elementor-column-gap-default\">\n\t\t\t\t\t<div class=\"aux-parallax-section elementor-column elementor-col-50 elementor-top-column elementor-element elementor-element-061b1b3\" data-id=\"061b1b3\" data-element_type=\"column\">\n\t\t\t<div class=\"elementor-widget-wrap elementor-element-populated\">\n\t\t\t\t\t\t\t\t<div class=\"elementor-element elementor-element-ef2ad87 elementor-widget__width-initial elementor-widget-mobile__width-initial elementor-widget elementor-widget-aux_staff\" data-id=\"ef2ad87\" data-element_type=\"widget\" data-widget_type=\"aux_staff.default\">\n\t\t\t\t<div class=\"elementor-widget-container\">\n\t\t\t<section class=\"aux-wrap-style-simple widget-container aux-widget-staff aux-parent-auccd69947\">    <div class=\"aux-staff-container aux-staff-pos-left aux-staff-text-left aux-staff-text-dark \" >\n            <div class=\"aux-staff-header aux-staff-img-circle\">\n            <div class=\"aux-media-image\"><img decoding=\"async\" loading=\"lazy\" width=\"300\" height=\"300\" src=\"https:\/\/danieldsr.com\/wp-content\/uploads\/2023\/09\/Design-sem-nome-2.png\" alt=\"Design sem nome (2)\" srcset=\"https:\/\/danieldsr.com\/wp-content\/uploads\/2023\/09\/Design-sem-nome-2-150x150.png 150w,https:\/\/danieldsr.com\/wp-content\/uploads\/2023\/09\/Design-sem-nome-2-300x300.png 300w,https:\/\/danieldsr.com\/wp-content\/uploads\/2023\/09\/Design-sem-nome-2-768x768.png 768w,https:\/\/danieldsr.com\/wp-content\/uploads\/2023\/09\/Design-sem-nome-2-1024x1024.png 1024w,https:\/\/danieldsr.com\/wp-content\/uploads\/2023\/09\/Design-sem-nome-2.png 300w\" data-ratio=\"1\" data-original-w=\"1080\" \/><\/div>        <\/div>\n            <div class=\"aux-staff-content\">\n                        <h4 class=\"col-title\">Daniel Rodrigues<\/h4>\n                        <h5 class=\"col-subtitle\">Football Agent<\/h5>\n                    <\/div>\n\n    <\/div>\n\n\n<\/section><!-- widget-container -->\t\t<\/div>\n\t\t\t\t<\/div>\n\t\t\t\t\t<\/div>\n\t\t<\/div>\n\t\t\t\t<div class=\"aux-parallax-section elementor-column elementor-col-50 elementor-top-column elementor-element elementor-element-9500f43\" data-id=\"9500f43\" data-element_type=\"column\">\n\t\t\t<div class=\"elementor-widget-wrap elementor-element-populated\">\n\t\t\t\t\t\t\t\t<div class=\"elementor-element elementor-element-1bceb1b elementor-widget elementor-widget-text-editor\" data-id=\"1bceb1b\" data-element_type=\"widget\" data-widget_type=\"text-editor.default\">\n\t\t\t\t<div class=\"elementor-widget-container\">\n\t\t\t\t\t\t\t<p>Me chamo Daniel Rodrigues e sou fundador da empresa brasileira de agenciamento esportivo DSRFootball.<span class=\"Apple-converted-space\">\u00a0 <\/span>Sou Agente de atletas e h\u00e1 mais de 18 anos represento jogadores de futebol.<\/p><p>Nasci na cidade de Torres, Rio Grande do Sul &#8211; Brasil.<span class=\"Apple-converted-space\">\u00a0<\/span><\/p><p>Sou Agente FIFA credenciado pela Federa\u00e7\u00e3o Internacional de Futebol com licen\u00e7a para realizar servi\u00e7os de representa\u00e7\u00e3o e negocia\u00e7\u00e3o em nome de atletas, treinadores, clubes, ligas, federa\u00e7\u00f5es e confedera\u00e7\u00f5es no mercado nacional ou internacional do futebol profissional.<\/p><p>Possuo a certifica\u00e7\u00e3o da FIFA &#8220;Representing Minors\u201d e tamb\u00e9m sou Intermedi\u00e1rio de Futebol cadastrado na CBF desde 2015.<\/p>\t\t\t\t\t\t<\/div>\n\t\t\t\t<\/div>\n\t\t\t\t<div class=\"elementor-element elementor-element-6af66a9 elementor-widget elementor-widget-text-editor\" data-id=\"6af66a9\" data-element_type=\"widget\" data-widget_type=\"text-editor.default\">\n\t\t\t\t<div class=\"elementor-widget-container\">\n\t\t\t\t\t\t\t\t\t\t\t\t\t<\/div>\n\t\t\t\t<\/div>\n\t\t\t\t\t<\/div>\n\t\t<\/div>\n\t\t\t\t\t\t\t<\/div>\n\t\t<\/section>\n\t\t\t\t<section class=\"elementor-section elementor-top-section elementor-element elementor-element-130a5ae elementor-section-boxed elementor-section-height-default elementor-section-height-default\" data-id=\"130a5ae\" data-element_type=\"section\">\n\t\t\t\t\t\t<div class=\"elementor-container elementor-column-gap-no\">\n\t\t\t\t\t<div class=\"aux-parallax-section elementor-column elementor-col-50 elementor-top-column elementor-element elementor-element-b1c8c59\" data-id=\"b1c8c59\" data-element_type=\"column\">\n\t\t\t<div class=\"elementor-widget-wrap elementor-element-populated\">\n\t\t\t\t\t\t\t\t<div class=\"elementor-element elementor-element-7f58086 aux-appear-watch-animation aux-fade-in-up elementor-widget elementor-widget-aux_modern_heading\" data-id=\"7f58086\" data-element_type=\"widget\" data-widget_type=\"aux_modern_heading.default\">\n\t\t\t\t<div class=\"elementor-widget-container\">\n\t\t\t<section class=\"aux-widget-modern-heading\">\n            <div class=\"aux-widget-inner\"><h2 class=\"aux-modern-heading-primary\">EXPERI\u00caNCIA<\/h2><h3 class=\"aux-modern-heading-secondary\"><span class=\"aux-head-before\">18 ANOS<\/span><\/h3><div class=\"aux-modern-heading-description\"><p>Representando atletas h\u00e1 mais de 17 anos.<\/p><\/div><\/div>\n        <\/section>\t\t<\/div>\n\t\t\t\t<\/div>\n\t\t\t\t<div class=\"elementor-element elementor-element-7a4fd95 elementor-widget elementor-widget-spacer\" data-id=\"7a4fd95\" data-element_type=\"widget\" data-widget_type=\"spacer.default\">\n\t\t\t\t<div class=\"elementor-widget-container\">\n\t\t\t\t\t<div class=\"elementor-spacer\">\n\t\t\t<div class=\"elementor-spacer-inner\"><\/div>\n\t\t<\/div>\n\t\t\t\t<\/div>\n\t\t\t\t<\/div>\n\t\t\t\t<div class=\"elementor-element elementor-element-7dcb4d2 aux-appear-watch-animation aux-fade-in elementor-widget elementor-widget-aux_button\" data-id=\"7dcb4d2\" data-element_type=\"widget\" data-widget_type=\"aux_button.default\">\n\t\t\t\t<div class=\"elementor-widget-container\">\n\t\t\t<a  href=\"mailto:dsr@danieldsr.com\" target=\"_self\"   class=\"aux-button aux-large aux-black aux-none\" ><span class=\"aux-overlay\"><\/span><span class=\"aux-text\">Fale Comigo!<\/span><span class=\"aux-icon auxicon auxicon-email-mail-streamline\"><\/span><\/a>\t\t<\/div>\n\t\t\t\t<\/div>\n\t\t\t\t\t<\/div>\n\t\t<\/div>\n\t\t\t\t<div class=\"aux-parallax-section elementor-column elementor-col-50 elementor-top-column elementor-element elementor-element-d532c9c\" data-id=\"d532c9c\" data-element_type=\"column\">\n\t\t\t<div class=\"elementor-widget-wrap elementor-element-populated\">\n\t\t\t\t\t\t\t\t<div class=\"elementor-element elementor-element-bf199b0 elementor-widget elementor-widget-aux_image\" data-id=\"bf199b0\" data-element_type=\"widget\" data-widget_type=\"aux_image.default\">\n\t\t\t\t<div class=\"elementor-widget-container\">\n\t\t\t<section class=\"widget-container aux-widget-image aux-alignnone aux-parent-au95a0cab7\">\n    <div class=\"aux-media-hint-frame \">\n        <div class=\"aux-media-image \" >\n        \n            \n\n            \n            <img decoding=\"async\" loading=\"lazy\" width=\"686\" height=\"1200\" src=\"https:\/\/danieldsr.com\/wp-content\/uploads\/2025\/07\/Cartao-FIFA-e-CBF-40x70.png\" class=\"aux-attachment aux-featured-image aux-attachment-id-867 aux-preload aux-has-preview\" alt=\"Cart\u00e3o FIFA e CBF\" data-ratio=\"0.57\" data-original-w=\"686\" data-src=\"https:\/\/danieldsr.com\/wp-content\/uploads\/2025\/07\/Cartao-FIFA-e-CBF.png\" \/>            \n                <\/div>\n    <\/div>\n\n<\/section><!-- widget-container -->\t\t<\/div>\n\t\t\t\t<\/div>\n\t\t\t\t<div class=\"elementor-element elementor-element-8630ce9 elementor-widget__width-initial elementor-widget-tablet__width-initial elementor-widget-mobile__width-initial aux-appear-watch-animation aux-scale-down-1 elementor-widget elementor-widget-text-editor\" data-id=\"8630ce9\" data-element_type=\"widget\" data-widget_type=\"text-editor.default\">\n\t\t\t\t<div class=\"elementor-widget-container\">\n\t\t\t\t\t\t\t<p><a href=\"https:\/\/agents.fifa.com\/license-validation?hash=0b742b00c67f2774cb3011f30927f617d4533f6b0c8c68f6082f21bf813dc216\" target=\"_blank\" rel=\"noopener\"><span style=\"color: white;\">Licenciado FIFA<\/span><\/a><\/p>\t\t\t\t\t\t<\/div>\n\t\t\t\t<\/div>\n\t\t\t\t\t<\/div>\n\t\t<\/div>\n\t\t\t\t\t\t\t<\/div>\n\t\t<\/section>\n\t\t\t\t<section class=\"elementor-section elementor-top-section elementor-element elementor-element-be0c9a1 elementor-section-boxed elementor-section-height-default elementor-section-height-default\" data-id=\"be0c9a1\" data-element_type=\"section\" id=\"about-us\">\n\t\t\t\t\t\t<div class=\"elementor-container elementor-column-gap-no\">\n\t\t\t\t\t<div class=\"aux-parallax-section elementor-column elementor-col-100 elementor-top-column elementor-element elementor-element-1c1805f\" data-id=\"1c1805f\" data-element_type=\"column\">\n\t\t\t<div class=\"elementor-widget-wrap elementor-element-populated\">\n\t\t\t\t\t\t\t\t<div class=\"elementor-element elementor-element-be8e41a elementor--h-position-center elementor--v-position-middle elementor-arrows-position-inside elementor-pagination-position-inside elementor-widget elementor-widget-slides\" data-id=\"be8e41a\" data-element_type=\"widget\" data-settings=\"{&quot;navigation&quot;:&quot;both&quot;,&quot;autoplay&quot;:&quot;yes&quot;,&quot;pause_on_hover&quot;:&quot;yes&quot;,&quot;pause_on_interaction&quot;:&quot;yes&quot;,&quot;autoplay_speed&quot;:5000,&quot;infinite&quot;:&quot;yes&quot;,&quot;transition&quot;:&quot;slide&quot;,&quot;transition_speed&quot;:500}\" data-widget_type=\"slides.default\">\n\t\t\t\t<div class=\"elementor-widget-container\">\n\t\t\t\t\t<div class=\"elementor-swiper\">\n\t\t\t<div class=\"elementor-slides-wrapper elementor-main-swiper swiper-container\" dir=\"ltr\" data-animation=\"fadeInUp\">\n\t\t\t\t<div class=\"swiper-wrapper elementor-slides\">\n\t\t\t\t\t\t\t\t\t\t<div class=\"elementor-repeater-item-7d492c6 swiper-slide\"><div class=\"swiper-slide-bg\"><\/div><div class=\"swiper-slide-inner\" ><div class=\"swiper-slide-contents\"><\/div><\/div><\/div><div class=\"elementor-repeater-item-b17ad48 swiper-slide\"><div class=\"swiper-slide-bg\"><\/div><div class=\"swiper-slide-inner\" ><div class=\"swiper-slide-contents\"><\/div><\/div><\/div><div class=\"elementor-repeater-item-115bc00 swiper-slide\"><div class=\"swiper-slide-bg\"><\/div><div class=\"swiper-slide-inner\" ><div class=\"swiper-slide-contents\"><\/div><\/div><\/div><div class=\"elementor-repeater-item-ca5ae6e swiper-slide\"><div class=\"swiper-slide-bg\"><\/div><div class=\"swiper-slide-inner\" ><div class=\"swiper-slide-contents\"><\/div><\/div><\/div>\t\t\t\t<\/div>\n\t\t\t\t\t\t\t\t\t\t\t\t\t\t\t<div class=\"swiper-pagination\"><\/div>\n\t\t\t\t\t\t\t\t\t\t\t\t\t\t\t\t<div class=\"elementor-swiper-button elementor-swiper-button-prev\">\n\t\t\t\t\t\t\t<i aria-hidden=\"true\" class=\"eicon-chevron-left\"><\/i>\t\t\t\t\t\t\t<span class=\"elementor-screen-only\">Previous<\/span>\n\t\t\t\t\t\t<\/div>\n\t\t\t\t\t\t<div class=\"elementor-swiper-button elementor-swiper-button-next\">\n\t\t\t\t\t\t\t<i aria-hidden=\"true\" class=\"eicon-chevron-right\"><\/i>\t\t\t\t\t\t\t<span class=\"elementor-screen-only\">Next<\/span>\n\t\t\t\t\t\t<\/div>\n\t\t\t\t\t\t\t\t\t\t\t\t<\/div>\n\t\t<\/div>\n\t\t\t\t<\/div>\n\t\t\t\t<\/div>\n\t\t\t\t<div class=\"elementor-element elementor-element-1c2d9a6 aux-appear-watch-animation aux-scale-up elementor-widget elementor-widget-aux_button\" data-id=\"1c2d9a6\" data-element_type=\"widget\" data-widget_type=\"aux_button.default\">\n\t\t\t\t<div class=\"elementor-widget-container\">\n\t\t\t<a  href=\"https:\/\/www.instagram.com\/dsrfootball\/\" target=\"_self\"   class=\"aux-button aux-medium aux-black aux-none\" ><span class=\"aux-overlay\"><\/span><span class=\"aux-text\">DSRFOOTBALL INSTAGRAM<\/span><span class=\"aux-icon fab fa-instagram\"><\/span><\/a>\t\t<\/div>\n\t\t\t\t<\/div>\n\t\t\t\t\t<\/div>\n\t\t<\/div>\n\t\t\t\t\t\t\t<\/div>\n\t\t<\/section>\n\t\t\t\t\t\t\t<\/div>\n\t\t","protected":false},"excerpt":{"rendered":"<p>FOOTBALL AGENT DANIEL RODRIGUES QUEM SOU EU? Daniel Rodrigues Football Agent Me chamo Daniel Rodrigues e sou fundador da empresa brasileira de agenciamento esportivo DSRFootball.\u00a0 Sou Agente de atletas e h\u00e1 mais de 18 anos represento jogadores de futebol. Nasci na cidade de Torres, Rio Grande do Sul &#8211; Brasil.\u00a0 Sou Agente FIFA credenciado pela [&hellip;]<\/p>\n","protected":false},"author":1,"featured_media":0,"parent":0,"menu_order":0,"comment_status":"closed","ping_status":"closed","template":"templates\/page-builder-content.php","meta":{"footnotes":""},"_links":{"self":[{"href":"https:\/\/danieldsr.com\/index.php\/wp-json\/wp\/v2\/pages\/136"}],"collection":[{"href":"https:\/\/danieldsr.com\/index.php\/wp-json\/wp\/v2\/pages"}],"about":[{"href":"https:\/\/danieldsr.com\/index.php\/wp-json\/wp\/v2\/types\/page"}],"author":[{"embeddable":true,"href":"https:\/\/danieldsr.com\/index.php\/wp-json\/wp\/v2\/users\/1"}],"replies":[{"embeddable":true,"href":"https:\/\/danieldsr.com\/index.php\/wp-json\/wp\/v2\/comments?post=136"}],"version-history":[{"count":197,"href":"https:\/\/danieldsr.com\/index.php\/wp-json\/wp\/v2\/pages\/136\/revisions"}],"predecessor-version":[{"id":1051,"href":"https:\/\/danieldsr.com\/index.php\/wp-json\/wp\/v2\/pages\/136\/revisions\/1051"}],"wp:attachment":[{"href":"https:\/\/danieldsr.com\/index.php\/wp-json\/wp\/v2\/media?parent=136"}],"curies":[{"name":"wp","href":"https:\/\/api.w.org\/{rel}","templated":true}]}}